er when p is divided by 51?
39
Suppose -2*g = 5*o - 4363, -2*g = 3*g + 5. Calculate the remainder when o is divided by 35.
33
Let x = -5 + 19. Suppose -3*l - 8 = -2, 2*c = 2*l + x. Suppose -5*d + 90 = c*o, -5*o - 117 = -5*d + d. Calculate the remainder when 89 is divided by d.
20
Suppose -5*p = -113 + 23. Calculate the remainder when 209 is divided by p.
11
Let c = 43 + -24. Let l(g) = g**3 + 10*g**2 + 25*g + 6. Calculate the remainder when c is divided by l(-5).
1
Let m = 42 - 21. What is the remainder when m is divided by (-82 + 81)*(-28)/2?
7
Let s be (-5)/5*(-5)/1. Let j(m) = -4*m + 8. Let o be j(s). What is the remainder when 28 is divided by 1/(2/6) - o?
13
Suppose 2*f - 3*f = -6*f. Suppose 24 = b + b. Suppose b*d - 15*d + 204 = f. What is the remainder when d is divided by 23?
22
Suppose -8*y = -2*y - 1524. Calculate the remainder when y is divided by 8.
6
Let y be 7 - (4 - 1) - 80/(-2). Let u(q) = -q**2 + 6*q + 6. Let p be u(6). Let z = p + y. Calculate the remainder when z is divided by 17.
16
Let p(v) = -v**2 + 12*v - 15. Let r be ((-2)/((-8)/(-28)))/(-2 + 1). What is the remainder when 79 is divided by p(r)?
19
Let c = 24 + 124. What is the remainder when c/18 - (-12)/(-54) is divided by 3?
2
Let v = -116 + 113. Let a(j) = j + 20. What is the remainder when 62 is divided by a(v)?
11
Let j = 4635 + -3023. Suppose -6*o = 7*o - j. Calculate the remainder when o is divided by 32.
28
Let s = 85 - 46. Let q = -169 + 244. Calculate the remainder when q is divided by s.
36
Calculate the remainder when 155 is divided by -30*(11 - (-570)/(-50)).
11
Let y = 39 - -69. What is the remainder when y is divided by 34?
6
Let s = -6 - 1. Let o(r) = -5*r + 2. Let k(l) = l**2 + l + 4. Calculate the remainder when o(s) is divided by k(-3).
7
Suppose 88*g - 20*g = 1972. Calculate the remainder when 316 is divided by g.
26
Let t be 126/33 + 6/33. Suppose t*q + 198 = -58. Let v = q - -100. What is the remainder when 105 is divided by v?
33
Suppose y - 75 = c, -2*c + 223 = 4*y - 83. What is the remainder when y is divided by 6?
4
Let v = 468 - 447. Calculate the remainder when 23 is divided by v.
2
Suppose 2063 + 1861 = 18*r. What is the remainder when r is divided by 55?
53
Let q = -10 - -25. Suppose -8*k + 9*k = q. What is the remainder when 41 is divided by k?
11
What is the remainder when 49 is divided by 1356/60 - 12 - 4/(-10)?
5
Let n be 8/2 - 4 - -4. Suppose n*m + 129 = 7*m. Calculate the remainder when m is divided by 23.
20
Suppose 2*k - 6*k = -24. Let l(v) = 4*v**2 - 5*v + 4. Let w be l(2). Suppose 2*f = w + 46. What is the remainder when f is divided by k?
4
Let j(v) = -18*v + 1. Let l(m) = 6*m - 2*m**2 - 16*m + 0 - 5*m + 4. Calculate the remainder when j(-1) is divided by l(-7).
8
Let c(d) = 4*d**2 - 23*d - 89. What is the remainder when c(-8) is divided by 71?
67
Suppose -4*j + 25 = 2*d + d, 0 = -d + 5*j - 17. What is the remainder when 34 is divided by 4/15*d*465/62?
4
Suppose 12*d - 159 = 57. Suppose 121 + 134 = 5*m. Calculate the remainder when m is divided by d.
15
Suppose 4*s - s - 86 = -5*i, -3*s + 78 = -3*i. Let a = 47 - s. Calculate the remainder when 37 is divided by a.
17
Let u(x) = x**2 - 3. Suppose -4 + 1 = -y. Let i = -132 - -136. Calculate the remainder when u(y) is divided by i.
2
Let d(a) = a + 10. Let r be d(10). What is the remainder when 1/4 + 335/r is divided by (19/(-57))/(2/(-60))?
7
Let r(j) = j. Suppose -29*p + 1814 = 1756. What is the remainder when r(4) is divided by p?
0
Suppose -3*r - d = -6*r + 319, 5*r + 5*d = 545. Suppose -228 - r = -5*z. Suppose -9 = -x + 8. What is the remainder when z is divided by x?
16
Suppose 0 = 5*g - 281 + 66. Calculate the remainder when 81 is divided by g.
38
Suppose -4*b = 2*w - 42, b - 18 = 4*w - 2*w. Let n be 289/2 + (-5)/10. Suppose 4*v + h = -h + 138, 4*h - n = -4*v. What is the remainder when v is divided by b?
9
Suppose 5*k - 32 - 233 = 0. What is the remainder when k is divided by 9/((-27)/(-69)) - 3?
13
Let m(j) = -j + 64. What is the remainder when m(10) is divided by 4?
2
Suppose 14*j - 13*j = 3*r + 45, 3*j = 5*r + 119. What is the remainder when 50 is divided by j?
17
Let t = 1201 - 992. Calculate the remainder when t is divided by 51.
5
Suppose 0*u - 4*q = u - 26, -q + 5 = 0. Let y(g) = -8*g - 50. What is the remainder when y(-7) is divided by u?
0
Suppose -4*x = -4*c + 40, 2*c = -4*x - 0*c - 70. Let j be 39/(-15) - 9/x. Let m(r) = -r**3 + 2*r**2 + 2*r + 2. What is the remainder when 25 is divided by m(j)?
11
Let b = -567 + 588. What is the remainder when 39 is divided by b?
18
Let i = 4 - -9. Suppose -g - 2*g = -q + 49, 4*q - 4*g = 180. Calculate the remainder when q is divided by i + (-1)/(3/6).
10
Let i be (-1)/1*(-12 + 11). Let j = i + 10. Calculate the remainder when 54 is divided by j.
10
Suppose -21 - 32 = -5*x + 4*v, -2*x = -v - 20. What is the remainder when 295 is divided by x?
7
Let c(b) = b**3 + 11*b**2 - 49*b - 20. What is the remainder when c(-14) is divided by 43?
35
Suppose -3*t + 3*i + 58 = -2*t, i - 109 = -2*t. What is the remainder when t is divided by 8?
7
Calculate the remainder when -2 - 0 - (-152 + 33) is divided by 26.
13
Suppose 122 = 4*y + 2*o, 0 = -2*o + 7*o - 25. Let m = -12 + 14. What is the remainder when 0 + m + (101 - -5) is divided by y?
24
Let f be 595/(-2) + (-9)/(-6). Let d = -203 - f. What is the remainder when d is divided by (34 - -6)*(-21)/(-35)?
21
Suppose 5*g - 293 - 27 = 5*y, g = -2*y + 67. What is the remainder when 71 is divided by g?
6
Suppose -4*r = -5*u + r + 5, -r = -3*u + 1. Let v be (-3 - u)*(-10)/(-15). What is the remainder when 9 + (6/v - -5) is divided by 4?
3
Let i be (-6 - -4)/(-2) - 4. What is the remainder when 27 is divided by (-4 + i)*(-3 - -2)?
6
Let l(q) = 16*q**2 - 511*q - 14. Calculate the remainder when 934 is divided by l(32).
16
Suppose -7*o + 46 = -2*o + 2*u, -2*o = -u - 13. Let c(f) = f**2 - 3*f + 4. What is the remainder when c(5) is divided by o?
6
Suppose 4*q + 2*i = 188, 5*q - 9*q - 3*i + 184 = 0. What is the remainder when 95 is divided by q?
46
Let m(c) = -c**3 - 6*c**2 - 6*c - 5. Let p = 3 + -8. Let q be m(p). Calculate the remainder when (-7)/(-1) + q/(-4) is divided by 4.
3
What is the remainder when (-38)/(-57) + (-523)/(-3) is divided by 4?
3
Suppose 2*h + 5*p = -2 + 30, -4*h - 2*p + 56 = 0. Calculate the remainder when 27 is divided by h.
13
Suppose -14*r = -10*r - 104. Let c = 32 - r. What is the remainder when 23 is divided by c?
5
What is the remainder when 97 is divided by ((-143)/(-33))/((-2)/(-6))?
6
Let v(f) = -2*f**3 + 3*f**2 + 2*f + 28. What is the remainder when 362 is divided by v(0)?
26
Let m(o) = -4*o + 18. Let j(w) = -4*w + 23. Let s be j(5). What is the remainder when 19 is divided by m(s)?
1
Let b(f) = -2*f**3 - 4*f**2 - 26*f - 87. Calculate the remainder when b(-4) is divided by 46.
35
Suppose 3*p + 15 = 0, 3*v - 186 = -p + 4*p. Suppose 0 = 62*d - 57*d - 80. Calculate the remainder when v is divided by d.
9
Let v be 12/(-2 + (-149)/(-76)). Calculate the remainder when 5/(-2)*v/20 is divided by 20.
18
Let x(n) = n**3 - 4*n**2 + 3*n + 4. Let i be x(3). Suppose i*o = 8*o. What is the remainder when 83 is divided by o + (0 - (-23 - -2))?
20
Suppose 6*h + 54 = 9*h. Let w(j) = 12*j - 16 + h - 12. What is the remainder when w(4) is divided by 13?
12
Suppose 4*b = -5*w - 138, 3*w + 90 = -b + 10. Let c = -21 - w. What is the remainder when 12 is divided by c?
2
Let z(t) = 2*t - 3. Let h(p) = -p + 1. Let c(n) = 11*h(n) + 6*z(n). Let f be c(7). Suppose -4*r - 6 + 46 = f. What is the remainder when 18 is divided by r?
8
Let s(n) = n**3 + 22*n**2 + 22*n + 22. Let t be s(-21). What is the remainder when (1 - 2)*(t - 2) is divided by 1?
0
Calculate the remainder when (12 - 10)*(-134)/(-4) is divided by 18.
13
Let y = -5 - -50. Calculate the remainder when 138 is divided by y.
3
Let m(y) = y**3 - 3*y**2 - 10*y + 38. Let z = 43 - 18. What is the remainder when z is divided by m(4)?
11
Let l = -144 - -161. What is the remainder when l is divided by 9?
8
Suppose 662*h = 656*h + 378. Calculate the remainder when 185 is divided by h.
59
Let t(q) = 3*q + 0*q**2 + 5*q + q - q**2 - 7. Calculate the remainder when 20 is divided by t(6).
9
Suppose -u + 9 + 14 = 0. Let h = 136 + -42. Let b = h - 5. 